factors of 1518923498?
2, 19, 39971671
List the prime factors of 891304930.
2, 5, 89130493
List the prime factors of 3622263280.
2, 5, 701, 64591
List the prime factors of 1845468706.
2, 8779, 105107
What are the prime factors of 67991843?
1303, 52181
List the prime factors of 815662813.
7, 241, 483499
What are the prime factors of 26317067?
7, 127, 4229
List the prime factors of 4758976420.
2, 5, 11, 21631711
List the prime factors of 1071743509.
71, 15094979
What are the prime factors of 102663093?
3, 13, 2632387
List the prime factors of 484121589.
3, 7, 157, 146837
What are the prime factors of 638907047?
59, 10828933
What are the prime factors of 447091322?
2, 89, 2511749
List the prime factors of 1746305665.
5, 13, 79, 340079
List the prime factors of 76680108.
2, 3, 78889
What are the prime factors of 20405959?
7, 2915137
List the prime factors of 539095672.
2, 67386959
What are the prime factors of 5270594923?
11, 23, 20832391
What are the prime factors of 3685663618?
2, 7, 13, 20250899
List the prime factors of 2115742629.
3, 7, 11, 13, 100649
List the prime factors of 54606397.
17, 307, 10463
List the prime factors of 941468280.
2, 3, 5, 47, 79, 2113
List the prime factors of 754824329.
7, 107832047
What are the prime factors of 73032660?
2, 3, 5, 151, 2687
List the prime factors of 19026748.
2, 13, 367, 997
What are the prime factors of 39514778?
2, 59, 257, 1303
What are the prime factors of 92267456?
2, 1441679
What are the prime factors of 95011500?
2, 3, 5, 97, 653
List the prime factors of 3940607165.
5, 11, 89, 805027
What are the prime factors of 283815859?
61, 4652719
List the prime factors of 2462602623.
3, 13, 63143657
What are the prime factors of 210143506?
2, 107, 981979
List the prime factors of 105204452.
2, 31, 848423
What are the prime factors of 175797184?
2, 53, 51827
What are the prime factors of 217473329?
217473329
What are the prime factors of 273108339?
3, 7, 41, 105733
List the prime factors of 121089164.
2, 7, 17, 254389
List the prime factors of 2423681411.
37, 65504903
What are the prime factors of 164015387?
29, 83, 68141
List the prime factors of 7460050.
2, 5, 13, 23, 499
What are the prime factors of 544062508?
2, 11, 12365057
List the prime factors of 224958418.
2, 112479209
List the prime factors of 317086178.
2, 59, 307, 8753
What are the prime factors of 4521698046?
2, 3, 17, 289741
List the prime factors of 321011579.
7, 45858797
What are the prime factors of 652982964?
2, 3, 149, 173, 2111
What are the prime factors of 6882540505?
5, 4621, 297881
What are the prime factors of 1674506589?
3, 7, 4723, 16883
What are the prime factors of 1362522040?
2, 5, 11, 37, 127, 659
List the prime factors of 2804190846.
2, 3, 4423, 105667
List the prime factors of 1809337935.
3, 5, 5563, 21683
List the prime factors of 946758247.
61, 15520627
What are the prime factors of 57873152?
2, 23, 9829
List the prime factors of 37563283.
37563283
What are the prime factors of 28154568?
2, 3, 13, 90239
What are the prime factors of 16651878?
2, 3, 2775313
What are the prime factors of 370692342?
2, 3, 1039, 6607
List the prime factors of 26031621.
3, 7, 11, 112691
List the prime factors of 20425610.
2, 5, 23, 88807
List the prime factors of 159640882.
2, 29, 233, 11813
List the prime factors of 902940700.
2, 5, 1097, 8231
What are the prime factors of 71275914?
2, 3, 677, 5849
What are the prime factors of 118906572?
2, 3, 9908881
What are the prime factors of 62235853?
62235853
List the prime factors of 35078748.
2, 3, 29, 100801
List the prime factors of 1027128185.
5, 17, 12083861
List the prime factors of 7550541928.
2, 197, 467, 10259
What are the prime factors of 72859510?
2, 5, 107, 149, 457
List the prime factors of 7825034.
2, 7, 558931
List the prime factors of 164623267.
164623267
What are the prime factors of 771138133?
499, 1545367
List the prime factors of 137151401.
103, 1331567
What are the prime factors of 295385686?
2, 383, 385621
What are the prime factors of 919790797?
17, 54105341
List the prime factors of 1771720001.
73, 24270137
What are the prime factors of 541261012?
2, 37, 3657169
What are the prime factors of 145491833?
43, 3383531
List the prime factors of 1726950217.
41, 101, 417037
What are the prime factors of 264423265?
5, 191, 276883
List the prime factors of 245792994.
2, 3, 101, 405599
List the prime factors of 1003334.
2, 101, 4967
List the prime factors of 458367125.
5, 71, 51647
List the prime factors of 22768189.
61, 73, 5113
What are the prime factors of 584422730?
2, 5, 59, 990547
What are the prime factors of 64990?
2, 5, 67, 97
What are the prime factors of 60881195?
5, 1607, 7577
List the prime factors of 619052419.
331, 1870249
What are the prime factors of 49610292?
2, 3, 19, 31, 7019
List the prime factors of 336138183.
3, 1949, 19163
What are the prime factors of 27570312?
2, 3, 7, 11, 4973
List the prime factors of 2536188476.
2, 19, 127, 2069
What are the prime factors of 982578062?
2, 2713, 181087
List the prime factors of 196714220.
2, 5, 19, 31, 16699
What are the prime factors of 150007736?
2, 19, 43, 59, 389
List the prime factors of 230462794.
2, 115231397
List the prime factors of 37666697.
2239, 16823
What are the prime factors of 39502727?
11, 29, 123833
List the prime factors of 2813181335.
5, 17, 31, 1067621
What are the prime factors of 4898326?
2, 2449163
What are the prime factors of 611752675?
5, 24470107
What are the prime factors of 898866133?
11, 81715103
What are the prime factors of 1585582854?
2, 3, 31, 8524639
What are the prime factors of 1805992557?
3, 9343, 64433
List the prime factors of 532685577.
3, 19, 67, 139483
List the prime factors of 3558935824.
2, 9533, 23333
List the prime factors of 584802732.
2, 3, 953, 51137
What are the prime factors of 51614782?
2, 25807391
List the prime factors of 1771885270.
2, 5, 23, 293, 26293
What are the prime factors of 1790216188?
2, 2137, 209431
List the prime factors of 290435555.
5, 179, 191, 1699
List the prime factors of 4197645412.
2, 37, 28362469
What are the prime factors of 39947146?
2, 19973573
What are the prime factors of 28777535?
5, 43, 137, 977
List the prime factors of 379228923.
3, 19, 509, 4357
What are the prime factors of 118972698?
2, 3, 13, 17, 23, 47, 83
List the prime factors of 143583739.
13, 373, 29611
What are the prime factors of 66953642?
2, 7, 1381, 3463
List the prime factors of 1997263931.
13, 3929, 39103
List the prime factors of 2090361680.
2, 5, 11, 2375411
What are the prime factors of 56481513?
3, 11, 1711561
What are the prime factors of 190956099?
3, 19, 3350107
List the prime factors of 75328906.
2, 37664453
List the prime factors of 289448500.
2, 5, 11, 52627
What are the prime factors of 9213668?
2, 547, 4211
List the prime factors of 612580609.
612580609
What are the prime factors of 77065168?
2, 83, 58031
List the prime factors of 831466929.
3, 821, 337583
What are the prime factors of 17202511?
17202511
What are the prime factors of 118024841?
11, 1279, 8389
List the prime factors of 98721694.
2, 83, 594709
What are the prime factors of 593622897?
3, 7, 281, 2053
What are the prime factors of 71423768?
2, 13, 359, 1913
What are the prime factors of 182648853?
3, 1609, 12613
What are the prime factors of 2340222212?
2, 103, 5680151
What are the prime factors of 7164574904?
2, 18553, 48271
List the prime factors of 1693593369.
3, 13, 14475157
List the prime factors of 1798403238.
2, 3, 19, 5258489
List the prime factors of 516613327.
23, 3191, 7039
List the prime factors of 13873858.
2, 191, 36319
What are the prime factors of 644334962?
2, 43, 7492267
What are the prime factors of 858062258?
2, 429031129
List the prime factors of 65269763.
13, 461, 10891
List the prime factors of 1052204542.
2, 31, 151, 167, 673
What are the prime factors of 36625121?
13, 43, 65519
List the prime factors of 458465271.
3, 11, 13892887
What are the prime factors of 164664076?
2, 41166019
List the prime factors of 117746227.
117746227
What are the prime factors of 2440640290?
2, 5, 11, 29, 765091
What are the prime factors of 2958068584?
2, 239, 701, 2207
List the prime factors of 8855100.
2, 3, 5, 9839
What are the prime factors of 179665689?
3, 7, 151, 56659
List the prime 